{"type":"video","version":"1.0","provider_name":"Network.hu","provider_url":"http:\/\/network.hu\/","title":"A cegl\u00e9di jobbikos h\u00f6b\u00f6rg\u00e9sr\u0151l","author_name":"altmeister63","author_url":"http:\/\/network.hu\/altmeister63","html":"&lt;object width=&quot;424&quot; height=&quot;345&quot;&gt;&lt;param name=&quot;movie&quot; value=&quot;http:\/\/nyugdijas.network.hu\/flash\/videoplayer\/video.swf?videoid=377489&amp;amp;pvol=40&amp;amp;plang=hu&amp;amp;host=http:\/\/nyugdijas.network.hu&quot; \/&gt;&lt;param name=&quot;allowscriptaccess&quot; value=&quot;always&quot; \/&gt;&lt;param name=&quot;allowfullscreen&quot; value=&quot;true&quot; \/&gt;&lt;embed src=&quot;http:\/\/nyugdijas.network.hu\/flash\/videoplayer\/video.swf?videoid=377489&amp;amp;pvol=40&amp;amp;plang=hu&amp;amp;host=http:\/\/nyugdijas.network.hu&quot; width=&quot;424&quot; height=&quot;345&quot; allowscriptaccess=&quot;always&quot; allowfullscreen=&quot;true&quot; \/&gt;&lt;\/object&gt;","width":424,"height":345,"description":"Kell a mozgol\u00f3d\u00e1s,bizonytalan a helyzet,a Fideszben nem szabad b\u00edzni.H\u00e1t but\u00edtsuk a n\u00e9pet fi\u00fak,az\u00e9rt majd csak bed\u0151lnek nek\u00fcnk.\u00fagy hogy mindent bele fi\u00fak mert m\u00e9g a Fidesz elsz\u00farja.azt\u00e1n se parlament,se fizet\u00e9s.","thumbnail_url":"http:\/\/vds.network.hu\/clubvideo\/3\/7\/7\/_\/377489_99216_4.jpg","thumbnail_width":80,"thumbnail_height":60,"video_id":"377489"}

A ceglédi jobbikos höbörgésről

Kell a mozgolódás,bizonytalan a helyzet,a Fideszben nem szabad bízni.Hát butítsuk a népet fiúk,azért majd csak bedőlnek nekünk.úgy hogy mindent bele fiúk mert még a Fidesz elszúrja.aztán se parlament,se fizetés.
