{"type":"video","version":"1.0","provider_name":"Network.hu","provider_url":"http:\/\/network.hu\/","title":"16-Zar\u00e1ndok \u00faton-Lovag Erd\u0151s Anna","author_name":"kiralywisky","author_url":"http:\/\/network.hu\/kiralywisky","html":"&lt;object width=&quot;424&quot; height=&quot;345&quot;&gt;&lt;param name=&quot;movie&quot; value=&quot;http:\/\/nyugdijas.network.hu\/flash\/videoplayer\/video.swf?videoid=170259&amp;amp;pvol=40&amp;amp;plang=hu&amp;amp;host=http:\/\/nyugdijas.network.hu&quot; \/&gt;&lt;param name=&quot;allowscriptaccess&quot; value=&quot;always&quot; \/&gt;&lt;param name=&quot;allowfullscreen&quot; value=&quot;true&quot; \/&gt;&lt;embed src=&quot;http:\/\/nyugdijas.network.hu\/flash\/videoplayer\/video.swf?videoid=170259&amp;amp;pvol=40&amp;amp;plang=hu&amp;amp;host=http:\/\/nyugdijas.network.hu&quot; width=&quot;424&quot; height=&quot;345&quot; allowscriptaccess=&quot;always&quot; allowfullscreen=&quot;true&quot; \/&gt;&lt;\/object&gt;","width":424,"height":345,"description":"Zar\u00e1ndok \u00faton\r\n\r\nH\u00e1t elindultak \u00fatjukon\r\nMint szemedb\u0151l a k\u00f6nnyek\r\nMeg nem \u00e1lltak f\u00e9l\u00faton\r\nMentek,csak mentek\r\n\r\nEs\u0151 verte h\u00e1tukat\r\nMikor vihar s\u00f6p\u00f6rte a t\u00e1jat\r\nVitt\u00e9k z\u00e1szl\u00f3jukat felp\u00e1ntlik\u00e1zva\r\nLelk\u00fckben n\u00e9ma al\u00e1zat\r\n\r\nAki l\u00e1tta \u0150ket megs\u00fcvegelte\r\nN\u0151tt\u00f6n-n\u0151tt a n\u00e9pek tengere\r\nMentek elsz\u00e1ntan el\u0151re\r\nVel\u00fck volt Isten szeretete\r\n\r\nS zar\u00e1ndokoltak n\u00e9gy ir\u00e1nyb\u00f3l\r\nA hossz\u00fa v\u00e9gtelen \u00faton\r\nJ\u00e9zus \u00e9s a haza f\u00e1jdalm\u00e1t\r\nCipelve v\u00e1llukon\r\n\r\n\u00d6sszegy\u0171lt b\u00e1natuk\r\nA haza k\u00ednpadj\u00e1n\r\nIstent\u0151l seg\u00edts\u00e9get k\u00e9rve\r\nA haza olt\u00e1r\u00e1n\r\n\r\nS mentek a haz\u00e1\u00e9rt\r\nMentek a nemzet\u00e9rt\r\nLelk\u00fckben rem\u00e9nys\u00e9get hordozva\r\nHossz\u00fa \u00faton kitart\u00f3an f\u00e1radozva\r\n\r\nRem\u00e9nnyel,de nem rem\u00e9nyt vesztve\r\nHisznek a csod\u00e1ban,Istenben\r\nK\u00e9rik k\u00f6ny\u00f6r\u00f6gve\r\nMentse meg a magyart,sz\u0171nj\u00f6n szenved\u00e9se !\r\n\r\nLovag Erd\u0151s Anna\r\n\r\n=======================================","thumbnail_url":"http:\/\/vds.network.hu\/clubvideo\/1\/7\/_\/170259_52688_3.jpg","thumbnail_width":80,"thumbnail_height":60,"video_id":"170259"}

16-Zarándok úton-Lovag Erdős Anna

Zarándok úton

Hát elindultak útjukon
Mint szemedből a könnyek
Meg nem álltak félúton
Mentek,csak mentek

Eső verte hátukat
Mikor vihar söpörte a tájat
Vitték zászlójukat felpántlikázva
Lelkükben néma alázat

Aki látta Őket megsüvegelte
Nőttön-nőtt a népek tengere
Mentek elszántan előre
Velük volt Isten szeretete

S zarándokoltak négy irányból
A hosszú végtelen úton
Jézus és a haza fájdalmát
Cipelve vállukon

Összegyűlt bánatuk
A haza kínpadján
Istentől segítséget kérve
A haza oltárán

S mentek a hazáért
Mentek a nemzetért
Lelkükben reménységet hordozva
Hosszú úton kitartóan fáradozva

Reménnyel,de nem reményt vesztve
Hisznek a csodában,Istenben
Kérik könyörögve
Mentse meg a magyart,szűnjön szenvedése !

Lovag Erdős Anna

=======================================
